) + 3*x(p). Is i(-17) composite?
False
Suppose h + 2 - 4 = 0. Suppose -h*j = 3*j + 1535. Is 0*(-1)/2 - j a prime number?
True
Is (-1)/(-32)*-4 - 220452/(-32) a composite number?
True
Suppose -279 - 129 = 8*b. Suppose 3*d - a = 315, 0 = -0*d - 2*d - 4*a + 196. Let m = b + d. Is m a prime number?
True
Let h(o) = -161*o - 20. Let p be h(-9). Let v = p - 842. Is v a composite number?
False
Let f(j) = 2*j**2 - 31*j - 12. Let w be f(16). Suppose -3*d = w*x - 3685, -4*x + 3661 = -12*d + 7*d. Is x a prime number?
True
Is 15/12 + 6/8 + 377 composite?
False
Let u(p) = 12*p**2 + 2*p + 1. Let s be u(-1). Is (2/(-8))/(s/(-13948)) prime?
True
Suppose -7*b + 20 = -3*b. Suppose -b*x - 2*l + 1865 = 3*l, 4*l + 1492 = 4*x. Is x a composite number?
False
Let a(d) = -d**3 + 18*d**2 - 9*d - 1. Let p(x) = x**2 - 9*x + 30. Let s be p(6). Is a(s) prime?
False
Suppose 3*t + 42 = 9*t. Let h(s) = 19*s**2 + 15*s + 3. Is h(t) prime?
True
Suppose 0 = j + 4*j + 2*f + 17, -2*j - 3*f = 9. Let n be -10*(39/15 + j). Suppose n*k - 1229 = 87. Is k a composite number?
True
Suppose -115*y + 114*y + 36104 = 3*t, 2*y = 5*t + 72219. Is y composite?
False
Suppose 3*u + 9 = 0, l - 660 = 3*u + 21596. Is l a prime number?
True
Suppose 2*y + 3*y + 55 = 0. Let o = y - -14. Suppose -4*k + 1555 = 5*v, 4*v - 1520 = -v + o*k. Is v prime?
True
Suppose 0 = -4*i - 2*t - 3*t + 27044, -27044 = -4*i - 4*t. Is i a composite number?
False
Is 87/(-4 - 185731/(-46423)) composite?
True
Let n(u) = 352*u - 21. Is n(5) composite?
True
Let i = 28 - 25. Suppose -a - j = -417 - 461, a - 880 = -i*j. Is a a composite number?
False
Let h = -14 + 20. Let v be 3/((-9)/(-262))*h. Suppose 0 = -r + 383 + v. Is r composite?
False
Suppose -5 = -4*d + 3. Suppose -d = -z - 5*r - 4, 4 = z - r. Suppose -3*s = -z, -5*u + s + 2688 = -s. Is u a prime number?
False
Let h be (-62)/(-14) - (30/(-35))/(-2). Suppose 0 = h*t - 263 - 53. Is t prime?
True
Is (-8692053)/(-636) + 2/16*2 prime?
False
Is 3508/12*(11 + -2)/3 composite?
False
Suppose -5*v + 7 = 4*p - 5, 2*p + 4*v - 6 = 0. Suppose 0*u + u = 5*x - 3, 2*x + p*u + 9 = 0. Suppose 5*h - m - 532 - 401 = x, -5*m = -10. Is h prime?
False
Let s(n) = n**3 + 2*n**2 + 3*n + 5. Let h be s(-2). Let f(v) = -1367*v + 2. Is f(h) prime?
False
Suppose 42*l = 41281 + 9917. Is l a prime number?
False
Suppose -q - 32999 = -4*x, -3*q = 14*x - 16*x + 16487. Is x prime?
False
Suppose -5*g + 2*g + 27 = 0. Let x be (-6)/g - 1348/12. Let n = 448 + x. Is n prime?
False
Suppose 0 = -b - 4*a + 642 + 52427, 0 = b - 5*a - 53069. Is b a composite number?
False
Let f(k) = 2*k**3 - 12*k**2 + 12*k - 4. Let x be f(5). Let z(m) = 19*m**2 - 25*m - 8. Is z(x) a prime number?
False
Suppose -2*y + 4*n - 10 = 0, 10*n - 25 = 5*n. Suppose 4*m + 229 = s, -228 = -s - 0*s + y*m. Is s a prime number?
True
Let y = -25 + 152. Is y a prime number?
True
Let h be (2 + -3)/(4/72). Let c(r) = -11*r - 32. Is c(h) a prime number?
False
Let u(s) = -194*s**3 - 4*s**2 - 3*s - 1. Let z(j) = -j**2 - 2*j - 3. Let t be z(-1). Is u(t) a prime number?
False
Suppose -5*a = 4*n - 216, 4*n + a - 301 = -85. Suppose n = 3*f - 5*x + 5, -f + x = -15. Is f a prime number?
True
Let n(f) = -f**3 + 5*f**2 + 9*f + 8. Let r be n(-4). Suppose 640 = 4*c + 4*s, 0 = 4*c - s - r - 514. Is c composite?
True
Suppose 33240 = 3*g - 3*u, -3*u - 44321 = -4*g - 0*u. Is g a prime number?
False
Let l(a) = -8*a**2 - 2*a - 3. Let v be l(16). Let b = v - -2934. Is b a prime number?
False
Let w(z) = -1 + z + 3*z - 2*z**3 - 1. Let y be w(3). Is y/(-8)*(-8)/(-2) a prime number?
False
Suppose 2*f = -3*d + 23059 + 7396, -3*f = 5*d - 45682. Is f a prime number?
False
Suppose 0 = -8*f + 5*f + 1533. Is f prime?
False
Is (-21)/35 + (-295788)/(-30) + 4 prime?
False
Let q(n) = 2415*n + 31. Is q(2) a prime number?
True
Let w = -104 - -94. Is 22443/15 + (-8)/w a prime number?
False
Let v(y) = 3*y**2 + 5*y + 1. Let o be v(-2). Suppose -3*d + 5*s + 16 = 0, -o*d + 5*d + 5*s = -6. Suppose -d*f - 1317 = -5*f. Is f a prime number?
True
Is (2 + 2668/12)*(2 + 1) a composite number?
False
Let f = 27363 - 5410. Is f a prime number?
False
Let w(v) = 5*v**2 + 77*v + 83. Is w(37) composite?
True
Let r be (15 - (-2 - -6)) + -1. Let n = -11 - r. Is 6/n - (-5562)/14 prime?
True
Let x = 2174 - 1533. Is x prime?
True
Suppose 9*z = -0*z + 54. Is (z/(-4))/((-11)/3322) a composite number?
True
Suppose -4*g - g = -y - 17, y = -g + 1. Let m(p) = 27*p**3 - p**2 + p - 4. Is m(g) a composite number?
False
Let o = 53852 + -25465. Is o a composite number?
False
Let s be (-2)/(-6) + (-30)/(-18). Let z(v) = v - v**s + 118 + 0*v - 5*v + 3*v. Is z(0) a prime number?
False
Let w(k) = -k**2 + 4*k - 1. Suppose -6*n + 10 = -n. Let o be w(n). Suppose -6 + 5 = x, -2*s - o*x + 2095 = 0. Is s a prime number?
True
Suppose y = 5*y + 2*k + 2504, -1896 = 3*y - 3*k. Let q = 2383 - y. Is q a prime number?
True
Let k = -901 - -2053. Suppose 5*i - 5627 = -4*f, -35 + k = i - 2*f. Is i a composite number?
False
Suppose 55 = 5*p - 0*p. Let m = p + -13. Is (m/2)/((-2)/818) a prime number?
True
Let j = 16318 + -7415. Is j prime?
False
Suppose 0 = 5*r - 2*u - 46334, 20 - 5 = 5*u. Suppose 0 = 10*c - 6*c - r. Is c a prime number?
False
Suppose -10*g + 33 = -9*g. Let f be (g - -1)*(-90)/(-20). Let q = -56 + f. Is q a composite number?
False
Suppose 2*w + 5 = 3, -3*s - 5*w + 35737 = 0. Suppose 2*r + 4*k - s = 0, 5*r - 29755 = 7*k - 2*k. Is r composite?
False
Let z = -6 - -14. Suppose -5*c = 12 + z. Is c/(-6)*13335/14 a prime number?
False
Is 25/(-5) + 11 + 89689 a prime number?
False
Let r = 2520 + -663. Is r a composite number?
True
Let o be 1/(-2 + (-10)/(-6)). Let k(y) = -4*y - 3 + 0*y + 4 - 2*y. Is k(o) composite?
False
Let d(x) = 1537*x**3 - x + 1. Is d(1) a prime number?
False
Let j(i) = 4305*i**2 + 13*i - 25. Is j(2) composite?
True
Let u(j) be the first derivative of 2*j**3/3 - 2*j**2 - 5*j + 6. Let i be (-16)/3*(-30)/(-20). Is u(i) composite?
True
Let w(z) = 18*z + 1. Let y be w(-2). Let s be (7422/(-15))/(14/y). Suppose -5*m + 658 + s = 0. Is m prime?
True
Suppose 4*z + 5807 = 5*c, 0*c + 4*c + z = 4633. Is c a prime number?
False
Let y be 4/(12/9) + -3. Let d = y - 3. Is (59/d)/((-2)/18) a prime number?
False
Let j(u) = -19*u - 37. Let i(b) = -18*b - 37. Let a(r) = 5*i(r) - 6*j(r). Is a(9) a prime number?
False
Suppose -502 + 5149 = -3*v. Let p = v - -2516. Is p composite?
False
Let d(o) be the third derivative of -o**6/120 - 3*o**5/20 - o**4/24 + 3*o**3 + 56*o**2 + o. Let z = -2 + -9. Is d(z) a composite number?
False
Let x(h) = -15*h - 19. Let a(k) = 7*k + 6. Let z(w) = 7*w + 5. Let q(g) = 5*a(g) - 4*z(g). Let r(o) = 11*q(o) + 6*x(o). Is r(-11) a prime number?
True
Let a(j) = j**3 - 7*j**2 + 36. Let s be a(6). Suppose 1468 = 3*q - s*d + 5*d, -2430 = -5*q - 5*d. Is q a prime number?
False
Suppose c + 102 = 3*c. Let z = 660 + -570. Let u = z - c. Is u a prime number?
False
Suppose -4*k = 10*k - 90734. Is k composite?
False
Suppose -2*q + 4970 = -4*v, 7*v - 4*v - 7464 = -3*q. Is q prime?
False
Let n = -49 + 51. Suppose 2*r - n*y = -6*y + 54, r + y = 30. Is r a prime number?
False
Let d = 41 + -37. Suppose -d*s + 333 = -2639. Is s composite?
False
Let c(j) = 3*j**2 + 3*j. Suppose -60 = -5*s + 5*i, 3*s = -s - 3*i + 62. Let h be ((-4)/(-3))/(s/(-21)). Is c(h) composite?
True
Let d(v) = -v**2 + 10*v + 13. Let f be d(11). Suppose -10 = 2*a, -f*z + 0*z - 4*a - 38 = 0. Let x(r) = -r**3 - r**2 + 12*r + 1. Is x(z) a prime number?
True
Let w(c) = -c**3 - c**2 + 2*c + 3. Suppose -m - m = 5*o - 21, 3*m - 4*o = -26. Let h be w(m). Suppose p = h*a - 1136, 0 = 5*a - 8*a - 4*p + 1111. Is a prime?
False
Let u(d) = -d**3 - 16*d**2 - 40*d - 10. Let v be u(-13). Let g be 1/(-2)*-2*5. Suppose g*a = -v*l + 351, -5*a + 110 = l - a. Is l composite?
True
Is (1 - -8668) + (-56 - -46) a prime number?
False
Let z = -23 + 10. Let l = 0 - z. Suppose 0 = 5*s - l - 22. Is s prime?
True
Suppose -4*l + 17 - 1 = 0. Suppose 0 = l*t + 4*b - 732, t = 3*t + 5*b - 381. Suppose t = 4*i - 2*i. Is i composite?
False
Let m(j) be the first derivative of -26*j**2 + 3*j + 4. Let z = -11 - -7. Is m(z) prime?
True
Let t be ((-4655)/(-30))/19 - (-1)/(-6). Let o(v) = 10*v**3 + 11*v**2 + 19*v - 5. Is o(t) a prime number?
False
Let x be ((-12)/(-15))/(10/25). Suppose -x*c = o - 6*